d derivative of t**5/30 + 5*t**4/12 - 16*t**3/3 + 13*t**2. Let i be z(-14). Calculate the highest common factor of 20 and i.
20
Suppose 14*n - 13*n = 111. Let h(k) = 9*k + 2. Let g be h(8). What is the greatest common factor of n and g?
37
Let z = 164 + -491. Let p = -217 - z. Suppose 2*k - p = 34. What is the highest common factor of k and 18?
18
Suppose x - 66 = -2. Calculate the highest common factor of 320 and x.
64
Let w be (2 + -2 - -2) + 68. Let m(t) = -t**3 + 37*t**2 + 167*t - 113. Let f be m(41). What is the greatest common divisor of f and w?
10
Suppose -134 = -3*g - 4*a, 3*g - 8*g - a = -212. Calculate the highest common divisor of 3 and g.
3
Let l = -1125 - -1157. Calculate the highest common divisor of 976 and l.
16
Let z(w) = -w - 4. Suppose -5*p = -5*q + 15, 4*q - 8*q - 44 = 3*p. Let y be z(p). Let d be 6/((3 - 6) + 4). What is the highest common factor of d and y?
2
Let w be 6/(-15)*-5 - 2. Suppose 5*d = v - 2*v + 124, w = -3*d - 3*v + 84. Let y be 1/2 - 46/(-4). What is the highest common divisor of d and y?
12
Let u be 1*-97 + (-8 - -9). Let q = u + 161. Calculate the highest common factor of 5 and q.
5
Let d be ((-7)/3)/((-7)/(-420)*-4). What is the highest common divisor of d and 140?
35
Let t = -45 - 21. Let y be (-120)/t + (-2)/(-11). Suppose -5*o + y*o - 39 = -3*z, 3*o = -12. What is the highest common divisor of 18 and z?
9
Suppose c + 14 = 2*y - 1, -4*y + 25 = 3*c. Let i(u) = -u**2 - 5*u - 7. Let r be i(-6). Let t = r + 34. Calculate the highest common factor of t and y.
7
Suppose u = -104*u + 1036 - 91. Suppose p + 4*r = 17, -3*p + 23 = -0*p - 2*r. What is the greatest common divisor of p and u?
9
Suppose 7 = -2*i + 123. Suppose g - 17*g = -2320. Calculate the greatest common divisor of g and i.
29
Let r(j) = j - 3. Let m be r(3). Suppose m = -0*y - 4*y + 104. Let n = -49 - -179. What is the greatest common divisor of n and y?
26
Let v = -182 + 284. What is the highest common divisor of 136 and v?
34
Suppose -h = -3*k + 43, 0 = 3*k - 2*h - 16 - 25. What is the highest common factor of 55 and k?
5
Suppose -2*v = -0*y - 3*y - 6, -5*y + 34 = 4*v. Let s = 28 - v. Let l be 994/22 + (-4)/s. What is the highest common divisor of l and 18?
9
Suppose -2*a + 7*a = 20. Suppose -2*h = a*t - 18, 3*h - 23 = -0*t - 5*t. Let r = -2 + 46. Calculate the greatest common factor of r and t.
4
Let w be 588/33 - 2/(-11). Calculate the greatest common factor of 63 and w.
9
Let m be ((-255)/34)/((-2)/((-8)/(-3))). Let x = -86 - -156. Calculate the greatest common factor of x and m.
10
Let v(d) = -13*d + 3. Let j(o) = -14*o + 2. Let g(m) = 3*j(m) - 2*v(m). Let n be g(-1). Calculate the greatest common factor of n and 2.
2
Let i be 150 + (-1)/(7/(-84)). Calculate the greatest common divisor of 24 and i.
6
Let m be 17/(34/348) - 6. Calculate the greatest common factor of m and 280.
56
Let o(i) = i**2 - 25*i + 17. Let n be o(23). Let t = 46 + n. What is the highest common factor of t and 17?
17
Let t(k) = k**3 + 4*k**2 - 14*k - 5. Let o be t(-6). Let r(c) = 2*c + 50. Let f be r(o). What is the greatest common factor of f and 80?
16
Let q be 2180/180 - (-1)/(-9). Calculate the greatest common factor of q and 60.
12
Suppose 59 = 3*r - 58. Suppose -30 = r*u - 44*u. What is the greatest common divisor of u and 1?
1
Let r = 1 - -9. Suppose -45 = -q + 5*b, -3*b = -3*q - q + 163. What is the greatest common divisor of q and r?
10
Suppose 0 = -q + 6*q - 20. Suppose 4*l = q + 12. Calculate the highest common divisor of 4 and l.
4
Suppose -1375 = 2*q - 13*q. What is the highest common divisor of 100 and q?
25
Let b(g) = g + 20. Let a be b(-16). Suppose r - 5*v - 10 = 0, v - 6 = -2*r + a*v. Let n = r - -6. Calculate the greatest common divisor of n and 9.
3
Let n = 1746 + -1742. Let g = 2 + 2. Calculate the greatest common divisor of n and g.
4
Suppose 3*r + q = 945 - 155, 3 = 3*q. Let x = r + -137. What is the greatest common divisor of x and 18?
18
Let v be (-45)/(((-2)/(-6))/(-1)). Let q = 4 + -4. Suppose n - 25 + 10 = q. What is the greatest common factor of n and v?
15
Let s = -4 - -4. Suppose s = -3*q + 3 + 9. Suppose -20 = 5*a, q*y + 2*a - 60 = -3*a. Calculate the highest common factor of y and 5.
5
Let s(k) = 3*k + 10 - k + 5*k - 6*k. Let i be s(-7). Suppose 2*o = -i*o + 55. Calculate the greatest common divisor of 11 and o.
11
Suppose 21*a - 35*a = -1694. Calculate the greatest common factor of 33 and a.
11
Suppose 0 = -2*g + 47 + 1. Suppose 528 = 31*k - 9*k. What is the highest common divisor of k and g?
24
Let y = -199 + 217. Calculate the greatest common factor of 36 and y.
18
Suppose 0 = 40*v - 230 - 490. What is the highest common divisor of v and 174?
6
Suppose 0*d = 4*d - 380. Suppose -j + d = -49. Calculate the greatest common factor of j and 18.
18
Let i = -450 - -466. What is the highest common factor of i and 272?
16
Suppose 71*j + 154 = 73*j. Let q = -1 - -5. Suppose -11 = -h - q. Calculate the greatest common factor of h and j.
7
Suppose 2*u = 3*r - 112 - 36, -r = 3*u - 42. Calculate the greatest common factor of 156 and r.
12
Suppose 319 = 2*i - 3*j + 76, -3*i - j = -392. What is the highest common divisor of 6 and i?
3
Suppose -2*u - 48 + 2 = -5*v, -v - 86 = 3*u. Let t be 3/(2 + u/20). Suppose -6*g + 19 = -t*g. Calculate the highest common factor of 57 and g.
19
Suppose -7*y + 3*y + 20 = 0. Suppose -2*k = 3*v - 35, -v + 3 = k - 7. Calculate the greatest common factor of v and y.
5
Suppose 0 = -0*j - 3*j - 4*l + 12382, -j - 2*l + 4126 = 0. What is the highest common divisor of 10 and j?
10
Let f be (45/18)/(1/2). Suppose -10 - 14 = -h - 3*k, -98 = -f*h - 4*k. Calculate the greatest common factor of h and 90.
18
Suppose -6*y = 5*c - 5*y + 1, c = -2*y + 7. Let f = c + 6. Suppose f*p = 164 - 4. What is the highest common factor of p and 4?
4
Let l be -6*(-5)/((-40)/(-4)). Suppose -9 = 3*g - 2*g + 3*u, -l*g - 2 = 4*u. What is the greatest common factor of 27 and g?
3
Let p(b) = -2*b**2 + 11*b - 8. Let d be p(2). What is the greatest common factor of 54 and d?
6
Let c be (-3 - 1)*(-15)/(-12). Let i be (-2 + -1*31)*c. Let s(p) = 16*p**3 + p**2 - 5*p + 3. Let l be s(1). What is the greatest common divisor of i and l?
15
Let g(a) = 8*a + 406. Let l be g(-32). What is the greatest common factor of l and 180?
30
Let y(t) = 63 + 2*t - 65 - 3*t. Let s be y(-4). What is the greatest common divisor of 4 and s?
2
Let l = 3067 - 1434. What is the greatest common factor of 71 and l?
71
Suppose 4*w - 2*i - 18 = -0*w, -5*w + 5*i + 25 = 0. Suppose -4*l - 21 = -5*q, w*l + 1 + 0 = q. What is the highest common divisor of 1 and q?
1
Let w(n) = n**3 + 25*n**2 + 22*n - 42. Let l be w(-24). Let q(m) = m**2 - 2*m + 1. Let b be q(-2). Calculate the greatest common divisor of l and b.
3
Let p = 340 + -88. What is the highest common divisor of p and 36?
36
Suppose b = 3*g - 53, 0 = 6*g - 3*g + 3*b - 33. What is the highest common divisor of g and 4?
4
Let x be 60 - 2 - -2 - (-5)/(-5). Suppose 4*r + i - x = -4*i, -3*i - 35 = -4*r. Calculate the highest common divisor of 88 and r.
11
Suppose -3*y + 397 + 11 = 0. Let o(c) = c**2 - 4*c + 5. Let a be (4/(-5))/(528/90 + -6). Let v be o(a). Calculate the greatest common divisor of y and v.
17
Let p(g) be the second derivative of 4*g**3/3 + 4*g**2 - 27*g. Let k be p(17). Calculate the greatest common divisor of 16 and k.
16
Let z be (0 + 3/12)*0. Suppose -2*i + 16 = 2*w - z*w, 0 = -i + 3*w. Suppose 455 = -t + i*t. What is the highest common factor of 13 and t?
13
Let l be 3 + 1 + 44/2. Calculate the highest common divisor of 26 and l.
26
Suppose -4 = 3*n - 5*n. Let t be (2/3 + 0)/(6/(-27)). Let d be -7 + 11 + t + 2. Calculate the highest common factor of d and n.
1
Let g(b) = 5*b - 3. Let q = 17 + -13. Let f be g(q). Suppose -f + 87 = 7*n. What is the highest common divisor of 20 and n?
10
Suppose -10 = 2*s, s = 4*v + 5*s + 240. Let x = v + 70. What is the greatest common factor of x and 5?
5
Suppose -i + 5 + 4 = 2*c, 3 = 3*i. Suppose o - c = 3. Calculate the highest common divisor of o and 35.
7
Suppose 20*y - 73 = 47. Calculate the greatest common divisor of y and 21.
3
Let j be -1 - (-818 + 8) - (-5)/1. Calculate the greatest common factor of 22 and j.
22
Let c(d) = -4*d**3 - 1. Let x be c(-1). Let w = -77 + 60. L